11 (base 2) to base 13.
3
What is -111001 (base 2) in base 13?
-45
Convert -3a (base 14) to base 2.
-110100
-50 (base 6) to base 12
-26
What is -13 (base 7) in base 2?
-1010
13 (base 11) to base 9
15
Convert -1b (base 12) to base 14.
-19
Convert -2020 (base 3) to base 6.
-140
Convert 10 (base 5) to base 6.
5
What is 1334 (base 5) in base 14?
119
What is 10010 (base 2) in base 13?
15
1 (base 7) to base 6
1
Convert 2 (base 7) to base 9.
2
What is -8 (base 14) in base 10?
-8
What is -10211 (base 3) in base 10?
-103
What is 0 (base 12) in base 9?
0
What is -130 (base 5) in base 9?
-44
-6 (base 9) to base 10
-6
Convert -6 (base 14) to base 3.
-20
Convert -2002 (base 4) to base 13.
-a0
-65 (base 10) to base 11
-5a
What is 12 (base 13) in base 4?
33
Convert -306 (base 10) to base 9.
-370
What is -1 (base 5) in base 9?
-1
What is -2 (base 15) in base 11?
-2
Convert 10 (base 3) to base 4.
3
-2 (base 6) to base 10
-2
What is 37 (base 9) in base 10?
34
-1 (base 11) to base 13
-1
Convert -27 (base 16) to base 14.
-2b
21 (base 5) to base 15
b
2 (base 14) to base 6
2
What is -140 (base 10) in base 14?
-a0
What is 7 (base 9) in base 4?
13
What is -1 (base 16) in base 14?
-1
100 (base 4) to base 8
20
What is -15 (base 11) in base 10?
-16
What is 112 (base 6) in base 12?
38
2 (base 8) to base 3
2
Convert 0 (base 2) to base 6.
0
Convert -1 (base 13) to base 2.
-1
What is -3 (base 5) in base 7?
-3
What is 2 (base 9) in base 14?
2
Convert 2 (base 9) to base 11.
2
-6 (base 11) to base 4
-12
What is 73 (base 8) in base 12?
4b
-215 (base 7) to base 16
-6e
What is -10 (base 4) in base 8?
-4
What is 1a (base 12) in base 6?
34
What is 58 (base 12) in base 10?
68
-49 (base 11) to base 3
-1222
4 (base 15) to base 12
4
-2 (base 6) to base 7
-2
11 (base 4) to base 12
5
133 (base 5) to base 2
101011
What is 9 (base 14) in base 4?
21
Convert b9 (base 15) to base 6.
450
-13 (base 10) to base 13
-10
7 (base 13) to base 3
21
Convert -214 (base 6) to base 12.
-6a
-4 (base 10) to base 12
-4
What is 1 (base 9) in base 10?
1
-9 (base 13) to base 14
-9
Convert -133 (base 4) to base 3.
-1011
Convert -1 (base 6) to base 9.
-1
-20 (base 3) to base 4
-12
-27 (base 8) to base 9
-25
What is 154 (base 6) in base 10?
70
-25 (base 6) to base 2
-10001
What is 4c (base 14) in base 16?
44
Convert -2 (base 12) to base 4.
-2
What is 13 (base 5) in base 3?
22
1110 (base 5) to base 14
b1
Convert -1124 (base 5) to base 2.
-10100100
Convert 7 (base 16) to base 10.
7
14 (base 14) to base 12
16
What is -35 (base 10) in base 7?
-50
Convert -c (base 15) to base 2.
-1100
62 (base 9) to base 16
38
Convert -157 (base 10) to base 14.
-b3
What is 32 (base 8) in base 6?
42
4 (base 12) to base 4
10
Convert -1 (base 11) to base 10.
-1
What is 121 (base 3) in base 8?
20
What is -3 (base 11) in base 10?
-3
-201 (base 9) to base 15
-ad
What is 0 (base 3) in base 14?
0
-6 (base 13) to base 5
-11
-10 (base 15) to base 13
-12
Convert 1 (base 7) to base 12.
1
11 (base 11) to base 9
13
Convert -3 (base 16) to base 14.
-3
What is -8a (base 15) in base 13?
-a0
Convert 3 (base 13) to base 16.
3
What is -4 (base 16) in base 11?
-4
111000 (base 2) to base 10
56
13 (base 11) to base 6
22
Convert 5b (base 13) to base 9.
84
Convert -6 (base 13) to base 8.
-6
Convert -17 (base 11) to base 13.
-15
What is -20 (base 8) in base 13?
-13
-5 (base 7) to base 11
-5
302 (base 4) to base 8
62
Convert -100 (base 3) to base 13.
-9
What is -16 (base 7) in base 3?
-111
152 (base 6) to base 4
1010
What is -22 (base 4) in base 11?
-a
What is -2 (base 8) in base 4?
-2
What is -20 (base 3) in base 6?
-10
What is 12 (base 6) in base 2?
1000
Convert 31 (base 6) to base 11.
18
What is -6 (base 10) in base 14?
-6
-20 (base 9) to base 13
-15
Convert 2 (base 10) to base 2.
10
-1140 (base 6) to base 16
-114
What is -36 (base 10) in base 16?
-24
What is 0 (base 8) in base 6?
0
What is 2221 (base 4) in base 2?
10101001
What is 84 (base 14) in base 2?
1110100
What is -76 (base 10) in base 4?
-1030
21 (base 14) to base 8
35
What is 124 (base 5) in base 11?
36
Convert -1 (base 3) to base 10.
-1
What is -2 (base 15) in base 7?
-2
Convert -32 (base 5) to base 3.
-122
What is 2 (base 13) in base 3?
2
Convert 33 (base 7) to base 9.
26
-17 (base 11) to base 16
-12
What is 0 (base 15) in base 5?
0
-1 (base 2) to base 9
-1
4 (base 7) to base 12
4
What is 101 (base 13) in base 14?
c2
Convert 122 (base 4) to base 15.
1b
-1101 (base 2) to base 10
-13
What is 3 (base 11) in base 6?
3
What is 10 (base 3) in base 14?
3
What is -72 (base 14) in base 4?
-1210
41 (base 7) to base 13
23
Convert -3 (base 15) to base 6.
-3
What is -1 (base 6) in base 2?
-1
273 (base 8) to base 6
511
-2c (base 13) to base 9
-42
Convert 77 (base 12) to base 3.
10101
What is -3 (base 6) in base 13?
-3
Convert -1 (base 8) to base 4.
-1
-20 (base 7) to base 5
-24
Convert 26 (base 10) to base 11.
24
What is 56 (base 9) in base 13?
3c
-1 (base 10) to base 13
-1
10 (base 4) to base 9
4
0 (base 2) to base 4
0
28 (base 11) to base 5
110
118 (base 9) to base 6
242
Convert 4 (base 6) to base 8.
4
Convert 137 (base 13) to base 15.
e5
Convert 1 (base 6) to base 4.
1
What is -3 (base 7) in base 4?
-3
-a3 (base 11) to base 8
-161
What is -3 (base 10) in base 3?
-10
2 (base 7) to base 2
10
What is 8d (base 16) in base 4?
2031
Convert 12 (base 5) to base 13.
7
Convert -43 (base 12) to base 14.
-39
What is -66 (base 8) in base 9?
-60
123 (base 4) to base 14
1d
Convert 36 (base 13) to base 7.
63
What is -32 (base 16) in base 14?
-38
Convert -9 (base 16) to base 2.
-1001
-7 (base 10) to base 15
-7
Convert 2a (base 15) to base 5.
130
Convert -5 (base 14) to base 13.
-5
What is -27 (base 9) in base 7?
-34
Convert 10 (base 5) to base 15.
5
1 (base 7) to base 12
1
4 (base 9) to base 10
4
What is -113 (base 5) in base 14?
-25
2 (base 4) to base 13
2
What is 351 (base 6) in base 11?
117
What is -15 (base 13) in base 15?
-13
What is -29 (base 14) in base 2?
-100101
Convert 2 (base 13) to base 10.
2
-a (base 16) to base 13
-a
What is 24 (base 14) in base 10?
32
57 (base 9) to base 11
48
Convert -166 (base 7) to base 4.
-1201
Convert 8 (base 15) to base 4.
20
-18 (base 9) to base 15
-12
What is -1 (base 2) in base 6?
-1
What is 108 (base 11) in base 8?
201
What is 0 (base 5) in base 16?
0
What is 8 (base 14) in base 15?
8
-225 (base 7) to base 8
-165
What is 21 (base 7) in base 5?
30
20 (base 8) to base 6
24
What is 3 (base 13) in base 2?
11
Convert 1 (base 8) to base 14.
1
Convert 44 (base 7) to base 4.
200
-176 (base 11) to base 9
-246
-2 (base 4) to base 15
-2
-441 (base 6) to base 14
-c1
-7 (base 9) to base 11
-7
Convert 10 (base 9) to base 5.
14
-114 (base 6) to base 16
-2e
What is 112 (base 6) in base 9?
48
Convert 10 (base 10) to base 9.
11
Convert -c (base 13) to base 5.
-22
Convert -253 (base 11) to base 4.
-10230
-3 (base 6) to base 8
-3
Convert -76 (base 14) to base 15.
-6e
-5 (base 14) to base 11
-5
Convert 36 (base 10) to base 9.
40
Convert -51 (base 10) to base 4.
-303
What is -231 (base 4) in base 16?
-2d
Convert -1000 (base 2) to base 4.
-20
What is 4 (base 6) in base 14?
4
Convert 60 (base 15) to base 14.
66
Convert 10 (base 6) to base 12.
6
What is 27 (base 16) in base 4?
213
Convert 215 (base 6) to base 16.
53
What is -116 (base 9) in base 4?
-1200
10111 (base 2) to base 11
21
What is -54 (base 6) in base 13?
-28
What is -312 (base 4) in base 7?
-105
What is 5 (base 16) in base 4?
11
Convert 3 (base 12) to base 5.
3
Convert -356 (base 7) to base 13.
-116
What is 23 (base 5) in base 16?
d
What is 27 (base 16) in base 5?
124
-2 (base 7) to base 4
-2
What is 422 (base 5) in base 2?
1110000
55 (base 14) to base 13
5a
-11032 (base 4) to base 16
-14e
Convert 12 (base 4) to base 13.
6
-1 (base 11) to base 14
-1
What is 215 (base 7) in base 9?
132
What is 5b (base 16) in base 11?
83
What is 13 (base 14) in base 5?
32
Convert -11000010 (base 2) to base 9.
-235
Convert 5 (base 14) to base 16.
5
Convert e (base 15) to base 5.
24
-21 (base 5) to base 13
-b
Convert -2 (base 15) to base 2.
-10
What is -11 (base 4) in base 13?
-5
What is 0 (base 13) in base 7?
0
-11 (base 5) to base 4
-12
31 (base 5) to base 7
22
Convert -31 (base 4) to base 12.
-11
-66 (base 15) to base 3
-10120
Convert 23 (base 7) to base 6.
25